((-10)/15)/((-2)/k)?
10
Let w(l) = -l**3 + 10*l**2 - 11*l - 6. Suppose -5*j - 12 = s, 1 = -s - 4*j - 7. Suppose 2*h + 2*h - 48 = 0. What is the remainder when w(s) is divided by h?
10
Suppose 19*g - 746 + 100 = 0. Calculate the remainder when 82 is divided by g.
14
Calculate the remainder when 35 is divided by (6/9)/((-1)/(-27)).
17
Let b(q) = 2*q - 8. Let r be b(6). Let p(h) = -2*h + 14 + 2*h - 3*h + r*h. Calculate the remainder when 13 is divided by p(-10).
1
Let m = 8 + -2. Suppose -m = -f + 5. Calculate the remainder when 33 - 3/(3/2) is divided by f.
9
Let u(c) = c**2 + 16*c + 27. Calculate the remainder when u(-22) is divided by 32.
31
Let o(p) = -p**2 + 4*p + 2. Let u be o(4). Let g = 13 - 17. What is the remainder when 23 is divided by (u/g)/(3/(-36))?
5
Let z(u) = -6*u - 5. Let t(y) = -6*y - 4. Let l(d) = 5*t(d) - 4*z(d). Calculate the remainder when 15 is divided by l(-1).
3
Suppose -w - 1 = -d - 4, 4*w - 5*d = 16. Let y = 15 + w. Suppose -2*s - 3*v + 61 = 0, -3*v = 3*s + 2*v - 93. What is the remainder when s is divided by y?
12
Suppose 43 - 1 = 3*q. Suppose -4*c + 79 = -85. Let f = -15 + c. What is the remainder when f is divided by q?
12
Let n = -66 - -186. What is the remainder when n is divided by 25?
20
Let v(w) = 5*w**2 - w - 1. Suppose -u = 5*f, 2*f + 10 = -3*f - 3*u. Suppose -3*o - 3 = x, o = x - 12 - f. Calculate the remainder when v(2) is divided by x.
8
Let m = -90 - -132. Suppose 8*y - 3*y = -4*i + 68, -104 = -4*i + 4*y. Calculate the remainder when m is divided by i.
20
Let o = -2 - 0. Calculate the remainder when (161/o)/7*-4 is divided by 12.
10
Calculate the remainder when 69 is divided by (27/(-15))/(36/(-480)).
21
Let b = 26 + -14. Let h(f) = f**3 - f + 22. Let i(w) = w - 2. Let y be i(2). What is the remainder when h(y) is divided by b?
10
Let c(d) = -d**3 + 5*d**2 - 2*d + 3. Let z = -12 + 16. Calculate the remainder when 41 is divided by c(z).
8
Let n be -2*(1 - (-14)/(-4)). Suppose 11 = 5*h - 4, 0 = -w + n*h - 11. What is the remainder when 10 is divided by w?
2
Let t = -65 - -76. Calculate the remainder when 21 is divided by t.
10
Suppose 63 = 5*i - 557. Calculate the remainder when i is divided by 16.
12
Let h = -14 + 35. What is the remainder when h is divided by 11?
10
Suppose -x + 0*g + 4 = -3*g, -3*x - 2*g + 45 = 0. Calculate the remainder when 25 is divided by x.
12
Let s(m) = -m + 6. Suppose -3*l - 4*f + 5 = 13, -l + 8 = -4*f. Calculate the remainder when s(l) is divided by 2.
0
Suppose 0 = -2*v - v + 243. Calculate the remainder when v is divided by 14.
11
Calculate the remainder when 40 is divided by 113/5 + 2/(40/(-12)).
18
Let l(q) = 5*q**2 - 1 - 3*q**2 - 3*q**2 - 6*q. Let a be l(-6). What is the remainder when 55 is divided by (1*a)/(4/(-76))?
17
Let m(i) = i**2 + 3*i - 3. Let t(l) = -l**3 + 3*l**2 + 5*l - 2. Let v be t(4). Calculate the remainder when 13 is divided by m(v).
6
Suppose 4*y - 8 + 28 = 0. Let j = y - -8. Suppose -t - j = -10. What is the remainder when 20 is divided by t?
6
Let o = -1 - -1. Calculate the remainder when 44 is divided by o + 13 + (-4)/(-2).
14
Let o = -15 + 19. Suppose 5 = 4*n - u, 2*n = -2*n - 4*u - 20. Suppose n*x = -5*x + 45. What is the remainder when x is divided by o?
1
Let b = -90 + 112. Calculate the remainder when b is divided by 5.
2
Let y = 7 - 7. Suppose 4*k - 12 = -y. What is the remainder when k is divided by 3?
0
Suppose -3 = -l + 9. What is the remainder when l is divided by 7?
5
Let n = 0 + 11. Let a = -2 - -32. Suppose 2*t + a = 3*t. Calculate the remainder when t is divided by n.
8
Let i = 39 - 28. What is the remainder when 40 is divided by i?
7
Let h = 150 - 142. What is the remainder when 63 is divided by h?
7
Let x = -28 + 20. Let w(m) = -m**2 - 9*m + 2. What is the remainder when w(x) is divided by 3?
1
Let g be (-7)/(-3)*-1*3. Let u = 9 + g. What is the remainder when 22 is divided by -3 + 1 + 16/u?
4
Let d(o) = 19*o + 1. Let z(x) = -9*x - 1. Let m(i) = 3*d(i) + 7*z(i). What is the remainder when m(-5) is divided by 9/(-15) - (-288)/30?
8
Let n(w) = 3*w - 14. Let s be n(6). Suppose -q - s = -10. What is the remainder when 23 is divided by q?
5
Let d = -6 + 7. Suppose q + d = 0, 4*x = -x - 4*q + 116. Let w(z) = -5*z - 2. Calculate the remainder when x is divided by w(-3).
11
Let s = -1 - -16. Calculate the remainder when -10*-1*(-63)/(-15) is divided by s.
12
Let l be (-12)/((-1)/((-3)/2)). Let b = 39 + l. Let k(x) = 2*x**2 - 22*x + 11. Calculate the remainder when b is divided by k(11).
10
Let q(p) be the third derivative of p**5/5 - p**4/24 - p**2. What is the remainder when 32 is divided by q(1)?
10
Calculate the remainder when 14/(-70) - (-96)/5 is divided by 10.
9
Suppose 3*j + 3*f - 66 = 0, 5*f = -j - 1 + 3. Let w = -16 + j. What is the remainder when 20 is divided by w?
9
Let k be ((-2)/6)/(2/(-714)). Suppose 0 = 4*a - k - 85. Calculate the remainder when a is divided by 13.
12
Suppose -f + 42 = 2*f. What is the remainder when 40 is divided by f?
12
Let y(b) = -b + 18. Calculate the remainder when 87 is divided by y(0).
15
Suppose 0 = -303*l + 299*l + 32. What is the remainder when 62 is divided by l?
6
Suppose -129 = -5*i + s, 0 = -5*i - 3*s + 2*s + 121. What is the remainder when i is divided by 7?
4
Calculate the remainder when (1564/(-115))/((-2)/15) is divided by 13.
11
Let p = 38 + -4. Suppose -2*i + 0*i = -p. Let a = -52 + 84. Calculate the remainder when a is divided by i.
15
Let b(j) = -j**3 + j - 6. Let v be b(0). Let m = v - -9. Suppose -m = -k + 17. Calculate the remainder when 59 is divided by k.
19
Suppose b = -2*m + 24 - 3, 4*b - 4*m - 36 = 0. Let q(c) = c**3 + 9*c**2 - 6*c - 4. Calculate the remainder when q(-9) is divided by b.
11
Let n(c) = -c + 10. Let g be n(5). Suppose 2*a = 5*u + g, 4*u - u = -a - 14. Let x = u - -16. Calculate the remainder when x is divided by 5.
3
Let h be (-2 + -1)*10/(-15). Suppose 49 = h*z - 4*g + g, -4*z = -3*g - 107. Calculate the remainder when z is divided by (-32)/(-3) + (-2)/3.
9
Let c(f) = f**3 - 3*f**2 - 5*f - 2. Let n be c(4). Let p(a) = 2*a**2 + 5*a + 2. What is the remainder when (-4)/(-6) - 152/n is divided by p(-4)?
12
Suppose -2*i + 2 + 140 = -4*m, 0 = -3*m + 9. Calculate the remainder when i is divided by 27.
23
Let p = 180 - 116. What is the remainder when p is divided by 22?
20
Suppose 0 = -5*s - 5*z - 0*z + 10, -s + 2 = 2*z. Calculate the remainder when s is divided by (8/10)/(2/5).
0
Let u(a) be the second derivative of 0*a**3 - a + 1/6*a**4 + 0 + a**2. What is the remainder when 28 is divided by u(2)?
8
What is the remainder when 1130/5 + 4/(-1) is divided by 32?
30
Suppose -5*h = 1 - 16. Suppose u + h*y - 75 = -3*u, 0 = 3*u - 5*y - 49. Calculate the remainder when -4 + 51 + 1 + 4 is divided by u.
16
Let c be (4/(-10))/((-2)/50). What is the remainder when 2/c + (-159)/(-5) is divided by 11?
10
Let y = 1 - -3. What is the remainder when (2 - 3)*18/(-2) is divided by y?
1
Let x be ((-9)/(-6))/((-3)/(-12)). Let f(t) = t**3 - 6*t**2 - 7*t. Let m be f(x). Let i = -29 - m. What is the remainder when 49 is divided by i?
10
Suppose -39 = -s - 3*p - 0, 5*s + 2*p = 169. Let g = 61 + -43. What is the remainder when s is divided by g?
15
Let o be ((-7)/3 - -2)*-18. Suppose 4*k - 10 = o. Calculate the remainder when k is divided by 3.
1
Suppose 0 = 4*a - 298 - 102. Suppose 3*t - a = -t. Calculate the remainder when 97 is divided by t.
22
Let a be 3/6*2*1. Let k = -6 + 30. Calculate the remainder when (a + -4)/3 + 71 is divided by k.
22
Suppose -2*g = -3*n - 15, 0 = 4*g - 9*g. Let s(w) = w**2 + 6*w + 7. Let i be s(n). Suppose -5*l = -i*l - 15. What is the remainder when l is divided by 2?
1
Let y(x) = -x**2 - x + 14. Calculate the remainder when 54 is divided by y(0).
12
Let y(i) = i**3 - 5*i**2 - 5*i - 5. Suppose -3 + 24 = 7*g. What is the remainder when g is divided by y(6)?
0
Let u(c) = c**3 - c**2 - c + 89. What is the remainder when u(0) is divided by 23?
20
Suppose 0 = 4*y - 0*q - 3*q - 132, 0 = -2*y + 4*q + 76. Suppose 3*b - 64 = -b. What is the remainder when y is divided by b?
14
Suppose 45 = 5*x + 4*c - 40, 17 = x - 4*c. Suppose 3*v + 4*v - 35 = 0. Calculate the remainder when x is divided by v.
2
Let f(y) = -y + 47. Calculate the remainder when 277 is divided by f(7).
37
Su